 + -30 + 55 + -54?
-17
Evaluate -35 + (-13 - (4 + -59)) - -52.
59
What is -1 - -39 - (-1709 - -1802)?
-55
Calculate 0 + -4 + -36 + -29 + 81 - -70.
82
What is -59 + 120 + 14 + -5?
70
Evaluate 46 + (45 - 58) + (-5 - -4) + 8.
40
What is the value of 12 - ((-28 - (-56 - -27)) + 28)?
-17
Calculate -30 + (-11 - ((-14 - -20) + -38)) + (2 - -88).
81
What is 13 + -32 + 16 + 9 + -106?
-100
What is the value of (0 - 22 - 1) + -23519 + 23545?
3
Evaluate -2 + 44 + (26 - (33 + -48 - -32)) - 13.
38
What is the value of 0 + -21 + (27 - (-28 - -66))?
-32
Evaluate (9 - ((-90 - -99) + (-7 - -1) - -12)) + 25.
19
Calculate 3 + 51 + (-58 - -42).
38
20 + -8 + (-28 - -110)
94
Evaluate (-35 + 45 - (0 - 2)) + (-47 - 2) + 1.
-36
Calculate -3 + (12 - (((-7 - -1) + -6 - -5) + 30)).
-14
-2 + -11 + (6 - (1 + -5)) + -226 + 205
-24
Calculate (-56 - -44) + 5 + 11.
4
-1 + (-16 - -1) + (-20 - (-33 - -9))
-12
0 - 4 - (-9 + -4) - (61 + -4)
-48
Evaluate (-3456 - -3470) + (1 - 48).
-33
-56 + (5 - (-10 + 9 + -9))
-41
Evaluate 1 + 17 + -13 - (-14 + -16 + 110).
-75
What is 108 + 3 + 8 - ((-70 - -88) + -35)?
136
What is the value of 13 + (54 - 44) + -6?
17
Calculate -13 + 3 - ((12 - 30) + -27 + 27).
8
What is -25 + -8 - (-1 - 17)?
-15
What is 0 - (5 - -32) - (-4 + -3 + 7)?
-37
Calculate 2 + (-60 - -71) + 0 + -6 + (4 - 118).
-107
What is (4 - (6 + 8)) + -18 + 7 + (-6 - 51)?
-78
Evaluate 4 - -1 - ((46 - (16 - 18 - 9)) + -10).
-42
Evaluate 14 - (-10 + 23 + -19 + 4).
16
Calculate -46 - (35 + -48) - -72.
39
4 + (-23 - (-14 - (-25 - -14)))
-16
What is 4 - 18 - (-11 + (-20 - (-7 - 8)))?
2
What is the value of 3151 + -3095 - (-1 - -29) - 153?
-125
What is (19 - -29) + -38 + -3?
7
What is (-1 - -30) + (92 - 89) + -81?
-49
Evaluate 161 - 167 - ((26 - 2) + 0 + -4).
-26
What is (-11 - -26) + -26 + 5 + 40?
34
What is the value of -14 + 25 + (-6 - -17 - 31)?
-9
What is 15 - -92 - (-3 + 55)?
55
Calculate -16 + -13 + (-5 - 12 - (-6 + 28)).
-68
What is the value of -251 + 334 + -53 + -7?
23
What is the value of 5 + -7 - (-6 + -1 + 45 - 0 - -2)?
-42
Calculate 47 + -1 + 1846 + -1903.
-11
What is the value of (39 - 23) + -138 - -62?
-60
What is -10 + (3 + (-6 + -3 - -12) - 0 - -1)?
-3
Calculate (-22 - -1) + 42 + -31 - (-34 + 1).
23
What is the value of -3 + -3 - ((5 + -73 - 4) + 37 + -31)?
60
Evaluate -19 + (19 - 4) - (-8 + -40).
44
Evaluate -10 + (-1 + -10 + -94 + 50 - (-2 + 13)).
-76
What is the value of -60 - -2 - (-23 - -14)?
-49
What is -22 + -14 + 8 + (6 - -10 - 8)?
-20
What is the value of (154 - 141) + (-49 - 0) + -1 + 13?
-24
Evaluate -73 - (7 - 4) - -41.
-35
Evaluate (-31 - -45) + (-42 - 3).
-31
Evaluate 11 + 14 + -19 + (-17 - 8).
-19
Evaluate -125 - -133 - (33 + (5 - -2) + -3 + 0).
-29
What is -3 + 5 + (-376 - -382 - (0 - -19)) - 85?
-96
(6 - (-4 - 1)) + (-137 - -138 - (-1 - -1))
12
What is (11 - -63 - 147) + 147?
74
What is the value of (-191 - -107) + 98 + -77 + 2?
-61
Evaluate 79 - (0 - (1 - -3 - (202 - 191))).
72
-1 + 2 + 1 + -3 + (-4718 - -4837)
118
Evaluate 476 + -378 + 3 + -109.
-8
Evaluate (194 - 57) + -75 - 43.
19
(-582 - -506) + (124 - 3)
45
Calculate (-4 + -10 - -61) + ((1 - -6) + -11 - -10).
53
What is the value of -100 + -3 + 153 + -96?
-46
(11 - 11) + -28 + -14 + 9
-33
What is -33 + (54 + -50 - -4)?
-25
-62 - (95 - (62 - -5))
-90
Evaluate -30 + (-98 - -120) - (51 + 0).
-59
What is the value of (-123 - -58) + 45 + 25?
5
Evaluate (1 - -80) + 2463 + -2597.
-53
What is -2 + 1 + -10 + (-21 + 1 - -136) + -3?
102
Calculate 5 + -10 + (-1 - 5).
-11
Evaluate -9 + 1 + (14 + -7 + -34 - -9 - -4).
-22
Calculate -24 - 2 - (-8954 + 8974).
-46
What is the value of (-3 + 0 - (6 + 20 - 31)) + 23?
25
14 + -21 + 6 + 26
25
What is the value of 294 + -306 - (24 - 1)?
-35
(55 - -35) + (102 - 76)
116
What is the value of -52 - (-38 + 15) - (39 - -11)?
-79
Evaluate 1 + (-38 - (15 - 24)) + 18.
-10
Evaluate -13 - ((9 - -19 - 9) + -15).
-17
What is (-1 - 0) + (10 - 10) - -3 - (1248 - 1219)?
-27
85 + 9 + -34 - 98
-38
What is the value of -24 - -2 - (64 + (5 - 44) + -164)?
117
Calculate -28 - (7 - (0 + 0 - (-7 + -29 + 37))).
-36
4 - (0 + (8 + -5 - (-8 + 0)) + -41)
34
135 + -172 + (41 - 0) - (0 - (2 - 73))
-67
What is 11 + -2 + (-15 - 24 - (-1 - 5))?
-24
What is the value of (3 - (10 + -5 - 0)) + -20 - (7 + 2)?
-31
What is the value of -37 + (16 - 2) + (2 + -11 - -108)?
76
17 + -7 - (31 + -23) - -3
5
What is (-14 - (7 + -9 - -3)) + 3 + 10?
-2
Evaluate ((-9 - (5 + (-17 - -8))) + 14 - 1) + 30.
38
Evaluate 27 - (0 - -26) - -15 - 55.
-39
Evaluate (-11 - -2) + (9 - 8) - -40.
32
(-28 - -24) + -4 + -8 + -57 - -14
-59
0 + 8 + -6 - -7 - ((86 - -5) + -4)
-78
Calculate -932 - -885 - (2 + 16 + -1).
-64
What is the value of -9 - (3 - 4) - (-5 - -17 - (22 + -18))?
-16
Evaluate (32 - (-15 + 71)) + 1 + -42 + -3.
-68
-38 + (43 - 41 - -53)
17
Calculate (-43 - -23 - -7) + 8 - 14.
-19
What is the value of 3 + (4 + -7 + 1 - -29) + 243 + -239?
34
Evaluate (177 - 186) + (-3 - (-8 + 1) - 15 - 0).
-20
What is -1426 - -1425 - (0 - 46)?
45
What is the value of 4 + (9 - 7 - -14) - (-24 - -22)?
22
4 - (-11 + (-15 - (18 + 3)) - -15)
36
-37 + 68 + -19 + (-5 - 0) + (20 - 19)
8
Evaluate (-1 - 3) + (65 - 73) + 13 + (-71 - -13).
-57
Evaluate (-100 - -95) + 8 + -1 + 46.
48
Calculate (0 + -11 + (-784 - -787) - (-12 - 0)) + -89.
-85
(-15 - 5) + 25 - 9 - 96
-100
Calculate -1 - (-9 - (3 - 1)) - (-99 - (-104 - 4)).
1
Calculate -10 + (39 - -48) - 59.
18
Calculate (35 - -46) + -101 - (-1 + 2 + -3).
-18
What is 0 + -15 - (-4458 + 4518)?
-75
What is the value of -24 + (35 - 29) + 76 + -9?
49
Evaluate 36 + 20 + -23 - -39.
72
What is 14 + (-43 - (-4 + 4 + 4))?
-33
What is 14 + (14 - 36) + (5 + 1 + 50 - 4)?
44
What is the value of -97 + (53 - -16) - 11 - (1 + -1 + -5)?
-34
What is -24 + -11 + 9 - (-57 + 9)?
22
What is the value of 3 - (30 - 0 - (-761 - -756))?
-32
What is -50 + -52 + 27 + 56?
-19
What is 39 + (-1 - 2 - -8) + -51 + 32 + 17?
42
What is 30 + (11 - (17 - -16)) + -125?
-117
Calculate -25 - 2 - (-16 + 1 + 104).
-116
Evaluate -103 + -60 + 123 - (15 - 0 - 2).
-53
-53 + 3 + (-4 - (-7 + -3 + 7 - -3))
-54
What is 98 - (6 - 64 - -156)?
0
Evaluate -1 + (49 - (7 - (-20 - -9 - -7))).
37
What is the value of 16 + -10 - (14 + 2 - (10 - (-10 - -15)))?
-5
What is (87 - (-6 - -53)) + -1 + (-3 - 1)?
35
-14 - -3 - (20 - (-3 + 45)) - 19
-8
What is the value of (-3 - -1) + -12 + (-29 - (2 + 6 + -26))?
-25
What is 15 - (-2 - (15 + (-36 - -24)))?
20
What is the value of -53 - (-4 - ((32 - 18) + -3))?
-38
What is 0 + 69 - (-1270 + 1286)?
53
-97 - (124 - (125 - 11))
-107
What is -32 + 25 + -49 + 2 + -15?
-69
-51 + 24 - 27 - -29 - -4
-21
27 + -11 + -12 + (2 - 7) + -3
-4
What is (14 - 19) + 17 - (5 - (0 - 21))?
-14
Evaluate (-34 - ((-12 - (-13 - -8)) + 10)) + (2 - 0).
-35
What is (-1 + -12 - (5 + -15)) + 12 + (26 - 5)?
30
(-146 + 101 - (7 + -12)) + 15
-25
What is 3 + (-31 - (12 - -7))?
-47
What is the value of (0 - 30 - -17) + 72?
59
Calculate (-3 - -2) + -2 + 9 - (267 - (100 - -64)).
-97
(-179 - -238) + (-7 - 11) - ((-1 - -2) + -7)
47
What is the value of 146 - (-69 + 158) - ((0 - 0) + -14)?
71
Evaluate -87 + (-251 - -117 - -181).
-40
0 - 6 - (140 - (370 + -197))
27
What is (82 - 72) + (-10 - (5 - (6 + 1))) - -132?
134
Calculate -30 - (24 + -27 + 3) - ((0 - 0) + 3).
-33
Calculate -66 + 101 + 37 + -146.
-74
8 + -30 - -10 - (-2 - (2 - 6))
-14
What is the value of -12779 - -12828 - (64 + 1)?
-16
What is the value of (-2 + (-2 - (2 + -7)) - 2) + (-1043 - -1068)?
24
What is the value of 33 + (19 - -12) + -56?
8
What is 79 - (11 + 29) - 4?
35
What is the value of (24 + -28 - -17 - 4) + (3 - -52)?
64
What is 5 - ((-26 - -59) + -49 + -35)?
56
Evaluate -15 + -3 - (-73 + 3 + 4).
48
-31 + 35 - (29 + -45 - (-1 + -6))
13
What is -22 - (-9 - (-6 - -49) - 4)?
34
Calculate -6 - (-6 + 1 - (72 + -100 + (0 - 0))).
-29
(9 + 0 - -2 - (-7 + 3 - -96)) + -6
-87
Calculate (18 - 10) + -4 + -8 + 11.
7
What is the value of -5 - (-7 - (41 - (12 - 0) - 9))?
22
Evaluate (-32 + 42 - (11 - -2) - (-10 + 0)) + 44.
51
9 + (-26 - (12 + -9)) - -8
-12
-672 + 688 + (-4 - 0) + 77
89
What is the value of -15 + 12 - -6 - (-40 - -24) - 18?
1
Evaluate -39 + -26 + 40 + 13 + 4 + -9.
-17
Evaluate (11 + -19 - 39) + 3 + -8.
-52
What is (12 - 0) + (0 + -5 - (14 + -26 + 22))?
-3
What is the value of (-27 - (-25 - 9 - 